s the tens digit of i?
2
Suppose 0 = 2*m + 2*m - 80. Suppose -6*k + m = -11*k. What is the tens digit of ((-120)/k)/((-6)/(-4))?
2
Suppose 2*s = -6*l + l + 1568, -3*l + 5*s = -947. Suppose 0 = 3*k + 98 - l. What is the units digit of k?
2
Let k = 11 + 9. Suppose 5*a - k - 26 = -2*u, -5*u - 2*a = -94. What is the units digit of u?
8
Let z(q) = -10*q - q**2 - 2 - 1 - 7. Let h be z(-8). What is the tens digit of 9/h - 132/(-8)?
1
Suppose 5*l + 5*t = 160, -4*l - 3*t + 13 = -116. Let x = l + 229. What is the units digit of x?
2
Let l(o) = 5*o**2 - 5*o. Let v be l(6). Suppose 3*w = -27 + v. What is the units digit of w?
1
Let x = -2647 + 4156. What is the tens digit of x?
0
Let y(k) = 474*k**2 + 2*k - 2. What is the hundreds digit of y(1)?
4
Let x(q) = 2*q**3 + 34*q**2 - 19*q + 1. What is the units digit of x(-17)?
4
Suppose 0 = -g + 4*j + 76, -5*g - 48*j = -50*j - 308. What is the tens digit of g?
6
Suppose 0 = 4*u + 4*d - 140, u + 2*u = -5*d + 111. What is the units digit of u - (12/36 - 8/6)?
3
Let z(o) = -o**3 + 10*o**2 - o - 2. Let t be z(7). Let r = -74 + t. What is the tens digit of r?
6
Let p = -616 - -733. What is the units digit of p?
7
Let s = 10 + -18. Let g = -6 - s. What is the units digit of g/8 + 46/8?
6
Suppose 0 = 5*q - 5*r - 9800, 34 - 42 = 2*r. What is the thousands digit of q?
1
Let j be (2/5)/(7/175). Suppose -4 + j = c. Suppose 355 = 5*r - c*w + w, 365 = 5*r + 5*w. What is the tens digit of r?
7
Suppose -2*p - 3*t + 42 = 0, 4*t = -4*p + 54 + 22. Let n = 4 + 0. Suppose -13 - p = -n*g. What is the units digit of g?
7
Suppose 5*n = -3*c + 29, 7 = -c + 3*n - 2. Suppose c*x - 2*x - 50 = 0. What is the tens digit of x?
5
Let v be (6 - 9) + (6 - 1). Suppose -v*d = 2*d - 144. What is the tens digit of d?
3
Let y = -69 + 75. Suppose -y*k + 0*k = -1062. What is the units digit of k?
7
What is the tens digit of (2435/(-5) - -4)/(-1)?
8
Let k(z) = -7*z - 2. Let v be k(-4). Let c = 43 - 60. Let o = c + v. What is the units digit of o?
9
Let j(a) = 5*a**3 + 4*a**2 - 8*a + 19. What is the units digit of j(3)?
6
Let a = 628 - 82. What is the tens digit of a?
4
Suppose 5*w + 1185 = 5*y, 0*y + 5*w + 233 = y. Suppose 0 = -5*i - 48 + y. What is the tens digit of i?
3
Let h(n) = -2*n**2 - 3*n - 2 + 2*n + n**3 - 2 + 2. Let v be h(3). Suppose -v*s + 5*p = -0*p - 150, 4*s - 168 = -4*p. What is the units digit of s?
0
Let p(k) = -589*k - 9. What is the tens digit of p(-1)?
8
Let k = 9 + -11. What is the tens digit of ((-2)/2)/(k/214)?
0
Let y(f) = -277*f - 1501. What is the tens digit of y(-13)?
0
Suppose 591 = 12*v - 897. What is the units digit of v?
4
Suppose -3*v + 0*v = 0. Suppose -3*x + 2*o + 132 = v, 2*o = 3*x - 5*x + 98. Let t = x + -26. What is the tens digit of t?
2
Suppose 3*b + 2*f = 296, 2*f = -2*f + 16. Let a = -36 + b. What is the units digit of a?
0
Suppose -287 + 39 = -4*m. What is the tens digit of m?
6
Suppose 0 = -30*o + 27*o - 6, -2244 = -2*x + 5*o. What is the hundreds digit of x?
1
Suppose r + 3*r = 40. Let k = r + -18. Let h = 36 + k. What is the units digit of h?
8
Suppose 4 = -5*h - 1. Let q be 0 - (-5 - h - 0). Let y = q + 13. What is the units digit of y?
7
Suppose -3*j - 497 = -10*j. Let c = -63 + j. What is the units digit of c?
8
Suppose 6*l + 31 = 481. Let d = 195 - l. What is the units digit of d?
0
Suppose -4*d = -4*u - 44, -5*d + u + 2*u = -57. Suppose 1 + d = s. What is the tens digit of s?
1
Suppose 3*o + 227 = 4*b, 0*b - 4*b = -o - 89. Let z = -58 - o. What is the units digit of z?
1
Suppose 8 = -3*d + 4*a, -31 = -2*d - 2*d - 3*a. Let x(f) = -2*f - 1. Let h be x(-3). Suppose -2*s = -2*q + h + 3, d*s + 10 = -2*q. What is the units digit of q?
1
Let l(n) = -n - 6. Let h be l(-10). Suppose -h*p + p + 138 = 0. Suppose -p = 2*b - 5*t - 148, 2*t + 4 = 0. What is the units digit of b?
6
Suppose 0 = a - 4*d - 11 - 12, d = 3*a - 36. Suppose 0 = a*w - 4*w - 707. What is the units digit of w?
1
Suppose -29*f + 15*f + 31836 = 0. What is the tens digit of f?
7
Let x(k) = -246*k**2 - 6*k - 4. Let v be x(-1). What is the units digit of (v/(-8) - 1)*2?
9
What is the units digit of (180/72)/(1/404)?
0
Let y = -8 - -17. Let d = 15 + y. What is the units digit of d?
4
Let i(z) = z**3 + 10*z**2 + 4*z - 5. Let q be 2*50/(-26) - 38/247. What is the tens digit of i(q)?
7
Let v = 169 - -178. Suppose 4*z - v = 5*q, 3*q + 2*q = -5*z + 490. What is the units digit of z?
3
Let q(t) = 2*t**2 - 32*t - 5. What is the tens digit of q(28)?
6
Suppose 3*a + 5*z - 1066 = 1117, 4 = 4*z. What is the hundreds digit of a?
7
Let d(m) = 2*m**2 + 10*m + 9. Suppose 5*b = -4*k - 26, -4*k + 4*b - 7 = 1. What is the units digit of d(k)?
1
Let s(x) = 2 + 2*x - 1 + 0. Let f = 34 + -31. What is the units digit of s(f)?
7
Suppose 4 = 2*g - 2. Let p be -4 - (0 - 6/g). What is the units digit of (-5)/p*(-30)/(-15)?
5
Let v be (-14)/77 + (-4248)/(-11). Let b = -273 + v. Suppose -193 = -3*l + 5*y, 2*l + 4*y = 1 + b. What is the units digit of l?
1
Suppose 16*p - 14*p = 5*n + 161, 0 = 5*p + 10. Let o(g) = -10*g - 72. What is the hundreds digit of o(n)?
2
Let x(a) = a - 4. Let w(k) = -3*k - 2. Let t be w(-2). Let f be x(t). What is the units digit of (-12 + -12)*(f - 1)?
4
Let g(k) be the third derivative of 0*k + 1/24*k**4 + 0 + 5/3*k**3 - 7*k**2. What is the tens digit of g(3)?
1
Let c be (1 - (-2)/4)*(-1060)/15. Let x = c + 149. What is the units digit of x?
3
Suppose -2*b + 5*h + 3 = 0, 0 = 2*b + h - 5*h - 2. What is the units digit of b - (-4132)/20 - 3/5?
5
Let w be 117 + (-12)/9*3. Let u = w - 27. What is the units digit of u?
6
Let i(c) = -10*c + 9. Let r(h) = h**2 + 6*h + 1. Let f be r(-4). What is the tens digit of i(f)?
7
Let g be ((-976)/(-20))/(56/(-60) + 1). Suppose -5*d + g = 257. What is the units digit of d?
5
Suppose 3*l = -2 + 11. Suppose -17 = -l*v + 2*v. Let d = v - 12. What is the units digit of d?
5
Let c be 2/(1557/(-390) + 8 + -4). Suppose -r + 3*i = -2*r + c, 4*i = 3*r - 715. What is the hundreds digit of r?
2
Suppose -10*h - 72 = -12. Let z(d) = -d**3 - d**2 + 14*d + 8. What is the tens digit of z(h)?
0
What is the thousands digit of (-12)/9 + 100/12 - -5531?
5
Let o = 4076 - 1475. What is the hundreds digit of o?
6
Let y(w) = w**2 + 13*w + 23. Let n be y(-11). What is the units digit of n/(-4) + 130/8?
6
Suppose -5*j + 23 = -k, -2 = -4*j + 18. Suppose -k*h = -5*w - 163, 26 - 118 = -h - w. What is the tens digit of h?
8
Suppose 188 = 10*s - 432. Let y = 138 - s. What is the units digit of y?
6
Let a = 28 + -9. Suppose -b - 2 = -2*b. Suppose -b*w = -67 + a. What is the tens digit of w?
2
What is the units digit of (3370/(-4))/((-110)/176)?
8
Let i = 2 + 2. Suppose -a + i*p = 3*p, 3 = -2*a + 3*p. Suppose -a*k - 38 = -122. What is the tens digit of k?
2
Suppose 0*v = v. Suppose -3*b = -v*b + 15. What is the units digit of -2 - b - (-3 + -10)?
6
Let l(s) = s**2 - 7*s + 8. Let i(o) = -o**2 + 7*o + 18. Let f be i(9). Suppose -5*z = 5*j - 55, -5*j + f*z + 4*z = -19. What is the units digit of l(j)?
8
What is the units digit of 3590*44/(-55)*(-6)/8?
4
Let k(o) = o**3 + 5*o**2 - o - 2. Let p be k(-5). Suppose 1 = -p*u + 4. Let c = 18 - u. What is the units digit of c?
7
Let s(w) = 4*w**3 - w**2 - 7*w + 7. Let u be s(4). Let b = -122 + u. What is the tens digit of b?
9
Let y be 1316/(-8) - 2/(-4). Let b = y - -232. Suppose -2*v = 2*v - b. What is the tens digit of v?
1
Suppose -3*d + 7*s = 3*s - 9679, 3*s + 3228 = d. What is the hundreds digit of d?
2
Let p = 946 - 838. What is the tens digit of p?
0
Let x(n) = 10*n**2 + 3*n + 3. Let i(b) = -3*b**2 - b - 1. Let g(a) = 11*i(a) + 4*x(a). What is the tens digit of g(2)?
3
Suppose -430 = 2*w + 3*w. Let r = 151 + w. What is the units digit of r?
5
Let g(l) = l**3 + 7*l**2 + l + 9. Let z be g(-7). Suppose 2*f - f = 5*c + 237, 462 = z*f - 4*c. What is the tens digit of f?
2
Suppose -20267 - 6515 = -7*b. What is the units digit of b?
6
Let v be (1 - 0 - 3)/(40/6460). Let s = -159 - v. What is the hundreds digit of s?
1
Let h(b) be the third derivative of -b**5/60 + 5*b**4/24 + 61*b**3/3 - 18*b**2. What is the units digit of h(0)?
2
Let p = 60 + -21. Suppose p = t - 3*w, 2*t - 2*w + w - 98 = 0. What is the tens digit of t?
5
Let w = -115 + 119. What is the tens digit of (-3)/6*-136 - w?
6
Let x = 5499 + -24